7*o**2 - 4*o - 5. What is the hundreds digit of d(8)?
4
Let k = -32 + 20. What is the units digit of 27 + (-4)/(16/k)?
0
Let y(i) = 4*i + 5*i**3 - i**2 - 4*i**2 + 5 - 4*i**3. Let j = 45 + -41. What is the units digit of y(j)?
5
Let l be 56/6 - (-6)/9. Let w be (-27)/(-5) + (-4)/l. Suppose 30 = w*o + 5*p, -3*o + 2*o - 6 = -5*p. What is the units digit of o?
4
Let u = -117 - -216. Let j = u + -59. What is the units digit of (j/25)/(1/5)?
8
Suppose -4*x + 1 = -x - 2*g, -g + 1 = 0. What is the units digit of x?
1
Suppose 3*o = -0*o + 123. What is the units digit of o?
1
Let j = 3 - 3. Suppose -2*b = -l - 3, 3 = -5*l - j*l - 2*b. Let d = l + 5. What is the units digit of d?
4
What is the units digit of -2*86/(-6) - 12/(-36)?
9
Let x = -6 + 5. Let t(g) = -10*g**3 - g**2 - g. What is the units digit of t(x)?
0
Let i be -1 + ((-3)/(-1) - -16). Suppose i = 2*y + 5*o - 12, 4*y - 3*o - 60 = 0. What is the units digit of y?
5
Let y(z) = -2*z - 13. Let j be y(-9). Suppose -56 - 114 = -j*r. What is the units digit of r?
4
What is the units digit of 264/14 + 17/119?
9
Let i(d) = 9*d - 1. Let n be i(-5). Let h = -22 - n. What is the units digit of h?
4
Suppose -m - 2 = -0. Let j be (-7)/(-2) + m/(-4). Suppose 68 = 4*a - j*n, -a + 5*n + 13 = -2*a. What is the tens digit of a?
1
Suppose 36 = -5*u - 0*f + 3*f, -f = 5*u + 48. Let z be (-4)/(-18) - 16/u. Suppose 0 = 5*c - z*w - 7, 7 = 4*c - 2*w + 1. What is the units digit of c?
1
Suppose 4*y = 5*t + 18, -2*y + 15 + 3 = 2*t. What is the units digit of y?
7
Let m(f) = f**3 + f**2 + 2*f + 85. What is the tens digit of m(0)?
8
Suppose 2*n = 4*n - 2. Let b = 7 + n. What is the units digit of b?
8
Let l be (-10)/6*-3 + 0. Suppose u = -3*c - 1 - 2, 5*c + l = -u. What is the units digit of c + 1 - 16/(-2)?
8
Let w be ((-2)/6)/(3/(-27)). Let u = w + 0. Suppose -5 - 4 = -u*q. What is the units digit of q?
3
Let k = 101 - 56. What is the units digit of k?
5
Suppose 0 = -6*o + o - 5*w + 970, -o = 5*w - 182. What is the hundreds digit of o?
1
Let a(k) = 3*k**2 - k - 2. Let s be (-8)/44 + 48/22. What is the units digit of a(s)?
8
Let t = -10 - -9. What is the units digit of ((-14)/(3 + -1))/t?
7
Let n = 4 + 0. Let y = -4 + n. Suppose y = 5*m - 5 - 0. What is the units digit of m?
1
Suppose 0 = 18*y - 14*y - 16. Suppose -3*q - 1 = -y*q. What is the units digit of q?
1
Let f(u) = -32*u. Let o be f(-1). Let w = 47 - o. What is the units digit of w?
5
Let o(w) = -15*w**3 + 5*w**2 + 10*w + 3. What is the tens digit of o(-3)?
2
Let s be (0/3)/(0 + -1). Let a be 0/(s + -2*1). Let r = 2 + a. What is the units digit of r?
2
Suppose -5*x - 5*r = 15, 0 = -3*x - 0*r - 2*r - 8. Let h = x + 4. Suppose -h*n + 6 = o, 0 = -3*o + o - 3*n + 11. What is the units digit of o?
4
Let z = 294 - 127. What is the hundreds digit of z?
1
Let w = -25 + 63. Suppose -w = -4*d - 2*k, 2*k = -d - 0 + 17. What is the units digit of d?
7
Let z(w) = -w**3 + w**2 + 2*w. Suppose -2*i + 2 = -2. Let h be z(i). Suppose h = -0*v - 5*v + 55. What is the units digit of v?
1
Suppose -6*c = -2*c - 4. Let s be (6/(-8))/(c/4). What is the units digit of (2 - 1)/((-1)/s)?
3
Let d = -5 + 3. Let a = -1 - d. Suppose -11 = 2*j + 3*r - a, 3*j = 5*r + 23. What is the units digit of j?
1
Suppose r - 6*r + 10 = 0. Let g = 4 - r. Suppose 3*n + 4 = -f + 9, 0 = g*n - f. What is the units digit of n?
1
Suppose q - 5 = z + 2, -2*q = -4*z - 24. Let b = z + 0. Let t = -2 - b. What is the units digit of t?
3
Let v(n) = 2*n + 48. What is the units digit of v(-21)?
6
Let r(i) = -i**3 + 9*i**2 + 12*i + 25. What is the hundreds digit of r(8)?
1
Suppose -2*n - 27 - 19 = 0. Let m = n - -37. What is the units digit of 1*2 + m/2?
9
Let i = -45 + 85. Suppose o + 3*o = i. What is the tens digit of o?
1
Let p = 7 + -6. Suppose -4*t + 7 = -0*a - 3*a, a = t - p. Suppose 4*l = 5*v - 18, -2*v - a*l - 12 = -5*v. What is the units digit of v?
2
Let v(j) = j**2. Let r(z) = -4*z**2 - z + 1. Let m(g) = 2*r(g) + 9*v(g). Let w = -6 - -9. What is the units digit of m(w)?
5
Suppose -2*t + 84 = 2*t. What is the tens digit of t?
2
Let s be ((-6)/(-15))/(2/(-10)). Let j = s + -21. Let t = -14 - j. What is the units digit of t?
9
Suppose 5*n - 39 = -2*k, -3*k - 3*n = k - 99. What is the units digit of k?
7
Let z(k) = 3*k + 5*k - k**2 - 1 + 1 + 2. What is the units digit of z(7)?
9
Let f be -2 - 2*(-1)/2. Let m be ((-8)/12)/(f/(-3)). What is the tens digit of 1/(m/(-20)) + 0?
1
Let m(c) be the second derivative of -c**4/12 + c**3/6 + 6*c**2 - 3*c. What is the tens digit of m(0)?
1
What is the units digit of 0/(-1) + 121 + (-3 - -2)?
0
Let o = -117 + 186. What is the tens digit of o?
6
Let r(d) = -3*d - 4. Let v(f) = -9*f - 11. Let a(o) = 7*r(o) - 2*v(o). What is the units digit of a(-10)?
4
Suppose -2 = -5*y + 8. What is the units digit of y?
2
Suppose -2*b = -b - 145. What is the tens digit of b?
4
Suppose -4*t - 2*d - 26 = 0, 0*d - 28 = 5*t - 2*d. Let j(u) = u**2 + 4*u + 1. What is the units digit of j(t)?
3
Suppose 4*x + 2*h = 6*x + 22, 0 = x + 2*h + 26. Let i = 30 + x. What is the units digit of i?
4
Suppose 2*u = 4*y - 0*u - 10, 0 = -3*y + u + 5. Suppose y*r + 54 = 2*r. What is the tens digit of r?
2
What is the tens digit of ((-86)/(-3))/(24/216)?
5
Let q(w) = 13*w - 7. Let z be q(7). What is the units digit of z/10 + (-6)/15?
8
Suppose -5*l + 307 = z - 4*z, 0 = 2*l + 3*z - 106. What is the units digit of l?
9
Suppose -4 = 4*x + 32. Let a(f) be the second derivative of -f**5/20 - 5*f**4/6 - 4*f**3/3 + 5*f**2 - 11*f. What is the units digit of a(x)?
1
Let n = -68 - -156. What is the tens digit of n?
8
Let b be 0 + 0 + 2/1. Suppose -b*m = -5*o + 52, 5*o - 60 = 4*m - 16. What is the units digit of o?
2
Suppose 9948 - 3000 = 4*h. What is the units digit of h/45 - (-6)/(-10)?
8
What is the tens digit of 4/(-6) + 444/18?
2
Let n(o) = 3*o**2 - 2*o + 8. What is the tens digit of n(-7)?
6
Let u(y) be the third derivative of 0 + 2*y**2 + 0*y - 1/60*y**5 + 1/8*y**4 + 5/6*y**3. What is the units digit of u(4)?
1
Let x be 1/3*0*-1. Let v = 3 + x. Suppose -2*j - 6 = -v*j. What is the units digit of j?
6
Let t(u) = 2*u**2 + 2*u - 2. Let i be t(-2). Let f = 5 - i. Suppose -f*d - 24 + 60 = 0. What is the units digit of d?
2
Let l be -7 - -3*(-1)/3. What is the units digit of (6/l)/((-6)/72)?
9
What is the tens digit of (532/6)/(5*(-10)/(-75))?
3
Let l = 14 + 67. What is the units digit of l?
1
Suppose -5*r + 21 = 2*v, -3*r + 19 = -0*r - 2*v. Suppose -4*l = r*u - 29, 6*l - 56 = 2*l + 4*u. Let d = l + -3. What is the units digit of d?
8
Suppose 2*c + 3*c - 5 = a, -5*a + 27 = c. What is the tens digit of (-2)/(-5) + 88/a?
1
Let l = 4 - 4. Let k be l/4 - 2*-1. What is the units digit of (-1)/(k/(-14) + 0)?
7
Let w(n) = 25*n**2 - 14*n**2 + 22*n**2 - n. Let t be w(1). Suppose 4 = 4*m - t. What is the units digit of m?
9
Let r = -24 + 42. Suppose 3*z - 6*z + r = 0. What is the units digit of z?
6
What is the tens digit of 5/((-4)/(-36)*3)?
1
Suppose 0*h = -2*h. Suppose h*q - 2*q = -28. What is the units digit of q?
4
Suppose -4*r = -5*m + 11, m + 2*r = -8 - 1. What is the tens digit of 62/(-4)*(m + -1)?
3
Let v be 1 - 3 - (-61 + 4). Let w = v + -33. Let j = w - 15. What is the units digit of j?
7
Suppose 0 = 3*n - 2 - 4. Suppose 2*d - 6*h = -n*h + 44, 2*d - 5*h = 49. What is the tens digit of d?
1
Let w be 4/2 + (-2)/(-2). Suppose 0 = -3*j + 4*q - 2*q + 14, -14 = -4*j - 2*q. Suppose 2*g - 2*k = 20, -j*g + 0*k = -w*k - 40. What is the units digit of g?
0
Let a = 4 + -2. Suppose 0 = -2*n + 5*l - 4 - 16, 8 = 2*n + a*l. Suppose -5*w = -2*j + 7*j - 20, n = -4*w - 3*j + 17. What is the units digit of w?
5
Suppose -3*c + 81 = -3*j, 15 = c - 3*j - 18. Suppose 3*u - 41 = -311. What is the units digit of (u/c)/((-3)/8)?
0
Suppose -y + 5*m + 25 = 0, -3*y - 2*m - 2*m + 56 = 0. Suppose -5*x = -2*s - s - 50, 0 = -5*x + y. What is the units digit of (s/1)/(3 - 5)?
5
Let v(o) = 8*o - 1. What is the hundreds digit of v(13)?
1
Let o = 2 - -1. Suppose 7*l - 4 = o*l. What is the units digit of l?
1
Let i(b) = -b**2 + 8*b - 9. Suppose 0 = t - 7 + 3. Suppose 4*c + 16 = t*l, 4*l + 2*c + c - 30 = 0. What is the units digit of i(l)?
3
Let i be ((-4)/(-10))/(1/15). Let t(b) = -b**2 + 7*b + 6. What is the units digit of t(i)?
2
Suppose -k - 2*g + 215 = 0, 3*g